et m(y) = -y**3. Let x be m(0). Suppose x = 2*s - 1 - 33. What are the prime factors of s?
17
Suppose -4*u = -2*k - 4, 0 = -3*u - k + 3 + 10. What are the prime factors of 18*(u + (-6)/4)?
3
Let d(f) = f**2 + 13*f + 46. List the prime factors of d(-28).
2, 233
What are the prime factors of ((-9)/(-6))/((-1)/2) - -20?
17
Let q = 3 - -2. Let n(t) = -4*t + 5. Let h be n(q). List the prime factors of (h/20)/((-2)/80).
2, 3, 5
Suppose -28*a + 13*a = -7560. What are the prime factors of a?
2, 3, 7
Suppose -482*h = -495*h + 8905. List the prime factors of h.
5, 137
Suppose 3*s - 17*s + 16310 = 0. List the prime factors of s.
5, 233
What are the prime factors of 60/42 + (-44)/(-77)?
2
List the prime factors of 4/6 + -788*30/(-72).
7, 47
Let d = -1072 + 2491. What are the prime factors of d?
3, 11, 43
What are the prime factors of ((-555)/2)/((-22)/44)?
3, 5, 37
Let t(v) be the second derivative of v**3/6 - 3*v**2/2 - v. Let f be t(6). Let z(o) = 7*o - 4. What are the prime factors of z(f)?
17
Let f = -47 - -50. What are the prime factors of (-1)/f - (-258)/18*4?
3, 19
Let j = -332 + 917. List the prime factors of j.
3, 5, 13
Suppose 0 = 38*t + 1030 - 4260. List the prime factors of t.
5, 17
Let i = 8 + -8. Suppose -6*f + i*f + 360 = 0. What are the prime factors of f?
2, 3, 5
Suppose 0 = -4*b + 2*b - 4. Let t(h) = -2*h**3 + h**2 - 2*h + 2. What are the prime factors of t(b)?
2, 13
Let x be 50/6*((-9)/3 + 0). Let d = -16 - x. List the prime factors of d.
3
Let h = 628 + -358. What are the prime factors of h?
2, 3, 5
Suppose 6*r - r = 3*s - 20, 2*s - 30 = -5*r. What are the prime factors of (-4 + -22)/(3 - 34/s)?
5, 13
Let v(z) = 549*z**2 - 6*z - 8. List the prime factors of v(-1).
547
Suppose 0 = 2*w + 3*i - 5203, 0*w + i + 2594 = w. What are the prime factors of w?
7, 53
Let z(f) = f**3 + 10*f**2 + 8*f - 11. Let a be z(-9). Let y(l) = -6*l + 2. Let o be y(a). Suppose 0 = 9*i - o*i + 165. List the prime factors of i.
3, 11
List the prime factors of (-11253)/(-44) - (-1)/4.
2
Let y(t) = 3*t - 33. Let x be y(14). Let u(h) = h**3 - 9*h**2 + 4*h - 9. List the prime factors of u(x).
3
Let f = -34 + 37. Suppose -f*d - m = -511, 4*d + m - 694 = 6*m. What are the prime factors of d?
3, 19
Let a(o) be the third derivative of o**4/2 + 11*o**3/6 - o**2. Let k(j) = j**2 - 34*j - 68. Let n be k(36). What are the prime factors of a(n)?
59
Let r be 2/(-3) - (-29)/3. Let m(z) be the second derivative of -z**5/20 + 5*z**4/6 - 7*z**3/6 - 3*z**2/2 - z. List the prime factors of m(r).
3, 5
List the prime factors of 5586/18 - (-12)/18.
311
Let m = 1542 - 82. List the prime factors of m.
2, 5, 73
Let v(u) = -u**2 + 22*u - 4. Let h be v(21). Let j = 37 - h. What are the prime factors of j?
2, 5
Suppose 56*p - 45 = 51*p. Suppose p*m = 53 + 1. List the prime factors of m.
2, 3
Let t(o) = 52*o + 1105. What are the prime factors of t(-12)?
13, 37
Let w(i) = -i**3 - 10*i**2 - 8*i + 5. Suppose -c + g - 7 = 0, 3*c + 31 = 3*g - 5*g. Let o be w(c). What are the prime factors of (0 - 3)/(-3) - o?
5
Let n(r) = -11*r**3 + 3*r**2 + r + 1. Let q be n(-2). Let x = q - 33. List the prime factors of x.
2, 3, 11
Suppose 0 = -2*a - 3*b + 5330, 3*a - 5*b = -8*b + 7989. What are the prime factors of a?
2659
Let n = 2569 + -413. List the prime factors of n.
2, 7, 11
Let h = -209 - -334. Suppose -3*a + 767 = k, 889 = 4*a - 3*k - h. What are the prime factors of a?
3, 5, 17
Let t(z) = 2*z. Let b be t(2). Let o = -92 - -272. Suppose b*r - a = o, -4*a = -2*r + a + 72. List the prime factors of r.
2, 23
Suppose 11*u - 27 = -27. Suppose 0 = 3*d - d. Suppose 3*l + d*l = -3*m + 72, -5*l - 3*m + 128 = u. What are the prime factors of l?
2, 7
Suppose -2*i = -i + q - 95, 3*q = -4*i + 375. List the prime factors of i.
2, 3, 5
Suppose 1932 = 4*o + 432. What are the prime factors of o?
3, 5
Let g(u) = -4 + 3 - 5 - 14 + 8*u. List the prime factors of g(12).
2, 19
Suppose 5*l - 2*l - 6 = 0. Suppose -34 = -2*j - 2*w, -l*j + 5*w + 113 = 2*j. What are the prime factors of (-4)/(-3)*165/j?
2, 5
List the prime factors of (-12)/(-9) - 7630/(-42).
3, 61
Suppose 3*z - 63 = -3*w, -6 + 0 = -3*z. Let g be (-2)/(-5) - (-92)/20. Suppose 0 = -g*c - 4 + w. List the prime factors of c.
3
Suppose 2*v = -4*p + 6, 11 = -4*v - 1. Suppose 3*q - 2*f - 156 = 0, q = -2*q + p*f + 159. Suppose -q - 22 = -4*z. List the prime factors of z.
2, 3
Let s = 545 - -14. What are the prime factors of s?
13, 43
Let g be ((-70)/15)/(1/3). Let u(x) = -x**2 - 14*x + 12. Let l be u(-13). Let f = l + g. List the prime factors of f.
11
Suppose 2*s - 383 = -3*g, 522 = 4*g - 0*s - 3*s. What are the prime factors of g?
3, 43
Suppose -18*q = -14*q - 2*n - 4868, -5*q - 2*n + 6076 = 0. List the prime factors of q.
2, 19
Suppose -5*b = -3*l + l - 6, 0 = 2*b - 2*l. Suppose 3*c = b*n - 467, 8*n - 931 = 4*n + 3*c. List the prime factors of n.
2, 29
Suppose -9223 - 3449 = -33*z. What are the prime factors of z?
2, 3
Let a = -91 - -1180. List the prime factors of a.
3, 11
Let d = -48 + 51. Suppose -d*a + 495 = 2*a. List the prime factors of a.
3, 11
Suppose -2*f + 1018 = 4*d, -241 - 18 = -d + 4*f. What are the prime factors of d?
3, 5, 17
Let x(i) = 22*i + 25. Suppose 10*k + 36 = 14*k. What are the prime factors of x(k)?
223
Suppose -2*i + 0*i + 212 = 0. Suppose 6*l = 2*b + 2*l + 20, 5*b = -4*l - i. Let q = 43 + b. What are the prime factors of q?
5
Let d(t) = t**3 - 13*t**2 + 4*t - 13. Let p be d(13). Suppose 6*c - p - 735 = 0. Let g = c - 86. What are the prime factors of g?
43
Suppose -4*l + 5*h + 20272 = 0, -2*h + 8829 + 6352 = 3*l. List the prime factors of l.
61, 83
Let y(h) = 6*h**2 + 66*h - 33. Let w(c) = -2*c**2 - 22*c + 11. Let o(l) = 8*w(l) + 3*y(l). What are the prime factors of o(-14)?
73
Suppose 94 + 48 = x. What are the prime factors of x?
2, 71
Suppose -4*l = -6 - 10. Suppose 14 = -l*x - 42. What are the prime factors of x/(3/(-30)*4)?
5, 7
List the prime factors of ((-1)/(15/(-96)))/(15/750).
2, 5
Let h(k) = -184*k + 112. What are the prime factors of h(-5)?
2, 3, 43
Let v(s) = -2*s**2 + 5*s + 9. Let i be v(4). Let p(t) = 15*t**2 - 3*t - 2. What are the prime factors of p(i)?
2, 71
What are the prime factors of (1/(4/(-8)))/((-7)/882)?
2, 3, 7
Let h(n) = n**2 + 12*n - 1325. List the prime factors of h(52).
2003
Let c(k) = -42*k - 2. Let d be c(-1). Suppose -3*q + d = -4*q. Let b = q + 70. What are the prime factors of b?
2, 3, 5
Let u be (-291)/17 + (-2)/(-17). Let q = 22 + u. What are the prime factors of q?
5
Let o be -20 - -8 - -1*2. What are the prime factors of (786/15 - 1) + 4/o?
3, 17
Let t = -1379 + 2959. What are the prime factors of t?
2, 5, 79
Let s = -933 - -459. Let f = -332 - s. List the prime factors of f.
2, 71
Suppose 0 = -5*f - 5, 3*t + 19*f = 22*f + 2664. List the prime factors of t.
887
Suppose -59*n = -61*n + 1290. Suppose 5*h = 5*w + n, 384 = 8*h - 5*h - 2*w. List the prime factors of h.
2, 3, 7
Let j = 15 + -19. What are the prime factors of 307/6 - j/(-24)?
3, 17
Let s(l) = l**3 - 7*l**2 - 4*l + 7. Let c be s(8). Let z = -62 + c. Let x = -3 - z. List the prime factors of x.
2, 5
Let l = 1 - -2. Suppose -71*n + 4 = -69*n. What are the prime factors of l + (1 - n - 0)?
2
Suppose -5*z = 5*p - 3*p - 325, 4*z = -2*p + 330. Suppose -4*b - b = 5*g - 225, -4*g - 3*b = -p. List the prime factors of g.
2, 5
Let i(z) = -17 - 20 - 42*z**2 - 24*z + 41*z**2. What are the prime factors of i(-18)?
71
Suppose 0 + 21 = 7*b. Suppose 26 = -c + 3*c - 4*i, 38 = b*c - 5*i. List the prime factors of c.
11
Let a be (-4)/(-6) - (-65)/15. Suppose 4*h - h + d = 29, 35 = a*h - 5*d. List the prime factors of h.
3
Let d(j) = 11*j**2 - 6*j - 4. What are the prime factors of d(-4)?
2, 7
Let s(v) = v**2 + 2*v + 20. Let o be s(0). Suppose 2*c = 4*c - 120. Let g = c - o. List the prime factors of g.
2, 5
Let m be 1 + (-2 - -3) + 0. Suppose m*y - r - 6 = -0*r, 6 = -3*r. Suppose -y*w + 35 = -5*f - 0, 4*w = 3*f + 35. What are the prime factors of w?
5
Suppose 6*m = 8*m - 10, 5*x + 4*m = -320. Suppose -475 = -9*z + 4*z. Let a = z + x. List the prime factors of a.
3
Suppose q + 0*k - 1038 = -3*k, -4*k + 2080 = 2*q. List the prime factors of q.
2, 3, 29
Suppose 0 = -7*g + 3*g - 104. Let s = -11 - g. List the prime factors of (5/(-3))/((-1)/s).
5
Suppose 108 = x 